What is the greatest common factor of 5 and z?
5
Suppose 10 = 11*f - 6*f - 5*r, -2*f + 5*r = 8. Calculate the greatest common factor of 96 and f.
6
Let m be (-6)/4*24/(-6). Let b(h) = -h**3 - 3*h**2. Let t be b(-3). Suppose -36 = -2*d - t*d. Calculate the highest common factor of m and d.
6
Suppose 4*r - 23 = -5*l, -2*l + 12 = r + 4. Let i be r/(-2)*(-7 + 6). Calculate the greatest common divisor of 2 and i.
1
Suppose 3*g - 288 = -c - 2*c, 5*c + 4*g - 480 = 0. Calculate the greatest common factor of 12 and c.
12
Let g(s) = s + 1. Let p be g(-1). Suppose 3*c + c - 40 = p. Calculate the highest common factor of c and 30.
10
Let u be 2/(-2) + (0 - -5). Suppose q - u*q + 15 = 0. Calculate the greatest common divisor of 55 and q.
5
Let x = 10 - 14. Let h = x + 8. Calculate the highest common factor of 6 and h.
2
Let b(y) = 6*y - 2. Let g be b(2). Let w = -1 + -3. Let a = g - w. Calculate the highest common divisor of a and 126.
14
Let y = 11 + -4. Calculate the greatest common divisor of 21 and y.
7
Let s = -98 + 123. Let g = 825 + -550. What is the highest common divisor of g and s?
25
Suppose 6*s - s = 180. Let j be -2 - (-1 + -1 + -96). Suppose 0 = 6*m - 2*m - j. Calculate the highest common divisor of m and s.
12
Let i = 10 + -6. Suppose d - i*j = -6 - 5, 3*d - j = 11. Suppose 3 = -3*u, 0*u - 445 = -2*r + d*u. What is the highest common factor of r and 20?
20
Let b be 2*2/(-3 - -7). Suppose b = j, -53 = -4*g - 3*j + 126. Let l(q) = -3*q + 2. Let y be l(-3). Calculate the greatest common divisor of g and y.
11
Let k(q) = q**3 + 2*q**2 - 2*q + 4. Let x = -4 - -1. Let l be k(x). Calculate the highest common factor of l and 7.
1
Suppose 11*m = -83 + 369. Let c = 30 - 17. What is the greatest common factor of m and c?
13
Let m be (-488)/(-9) + (-26)/117. Calculate the highest common factor of m and 3.
3
Let v be (-18)/(-4)*6*12/9. Calculate the highest common divisor of 9 and v.
9
Suppose -2*s + 4*y = -168, 3*y = -3*s + 7*s - 326. What is the greatest common factor of 16 and s?
16
Let m = -6 + 11. Suppose -2*n - 4*q + q = -1, 0 = -n + q + 8. What is the greatest common divisor of m and n?
5
Let w = 185 + -25. What is the highest common divisor of 20 and w?
20
Let x(l) = l + 0*l**3 - l**3 + 3*l + 1 + 3*l**2 - 4*l**2. Let z be 29/(-9) - 6/(-27). Let i be x(z). Calculate the greatest common factor of i and 63.
7
Let r = -3 + 3. Let v be (-44)/(-6) - 1/3. Let q = v + r. Calculate the greatest common factor of 1 and q.
1
Suppose r + a - 33 = 0, 2*r = -a + 65 + 3. Calculate the highest common factor of r and 7.
7
Suppose 76 = 4*q - 5*i, 5*q + i = -2*i + 58. Suppose -8 = -s + q. What is the greatest common divisor of s and 11?
11
Suppose 0 = 9*c - 7*c - 8. What is the greatest common divisor of c and 20?
4
Let f be 14/3*(-54)/(-63). What is the greatest common factor of 32 and f?
4
Suppose -2*s + 6 = -12. Suppose -4*k + 4*m = -280, k = -4*k - 2*m + 364. Suppose v - k = -v. What is the highest common factor of v and s?
9
Let b be (-18)/(-8) - (-2)/(-8). Suppose b*a = 1 + 5. Calculate the greatest common divisor of 21 and a.
3
Let y = -3 - -17. What is the highest common divisor of y and 21?
7
Let c = 40 + -23. Let r(g) = 2*g + 5. Let v be r(0). Let k = c - v. Calculate the greatest common factor of 60 and k.
12
Let f = -88 - -124. Suppose 2*t = 3*y - 2*t - 40, 5*y + 5*t = 55. Calculate the greatest common factor of y and f.
12
Let k(v) be the first derivative of -v**4/4 - 2*v**3 + v**2 - 10*v - 2. Let m be k(-7). Calculate the highest common factor of m and 10.
5
Let x be (-2)/(-3) - (-3632)/24. What is the greatest common divisor of 19 and x?
19
Suppose 0*j + 4*j - 20 = 0. Calculate the greatest common factor of j and 20.
5
Suppose 0*j - 3*j = -297. Calculate the greatest common divisor of j and 11.
11
Suppose r - 12 + 2 = -q, 3*r + 6 = q. Suppose 13 = -u + 5*w, 3*w = 3*u + 18 - 3. Let b = 6 + u. What is the greatest common divisor of b and q?
3
Let u = -1 + 6. Suppose 10 = u*c - 0*c. Suppose c*a - 25 = -3*a. Calculate the highest common factor of 10 and a.
5
Suppose 2*t - 2*l - 8 = 0, -8 = -3*t + l + 4. Suppose -12 = 5*i + 4*p - 50, -2*p + 16 = 2*i. Let k = i + 4. What is the greatest common factor of t and k?
2
Let q(n) = n**3 - 7*n**2 - 6*n - 1. Let z be q(8). Let r(l) = -2*l - 4. Let v be r(-3). Let t = 12 - v. What is the highest common factor of z and t?
5
Suppose 8*p - 3*p - 3*v - 60 = 0, 4*v = 0. Calculate the highest common divisor of p and 24.
12
Let i = -337 - -846. Suppose -4*d = -4*y + 668, 3*d + 2*y = 3*y - i. Let o be d/(-15) + (-4)/10. What is the highest common factor of 44 and o?
11
Suppose -j + 70 = 55. What is the greatest common divisor of 5 and j?
5
Suppose u - 8 = -3*u. Suppose 0 = 3*d + u*b - 101, -4*d - b + 99 = -39. Calculate the highest common divisor of 7 and d.
7
Suppose 0 = -8*h + 3*h. Suppose 1 = q - h. Let s be (50/(-15))/((-2)/3). What is the greatest common divisor of s and q?
1
Let j(m) = -m**3 + 16*m**2 + 12. Let h be j(16). Suppose 5*y = -a - 66, 0 = -3*a - 0*a - 3. Let d = h - y. Calculate the highest common divisor of d and 5.
5
Let l be (-6)/8 - (62/(-8) + -6). What is the highest common divisor of l and 13?
13
Let q(a) = a**3 + 5*a**2 + 2*a - 3. Let b be q(-4). Suppose 32 = b*j - 3*r, 3*j + 4*r - 4 = 21. Let p = 10 - j. What is the highest common divisor of p and 15?
3
Let d be (6/9*-12)/(-2). Suppose d*i + 3*m - m = 80, -4*m = -3*i + 71. Calculate the highest common factor of i and 7.
7
Let n be (-40)/(-15)*-8*18/(-4). What is the greatest common factor of 24 and n?
24
Suppose 2*k + 20 = 4*k. Calculate the greatest common factor of 110 and k.
10
Let q = 19 + -5. Suppose -25 = -2*s - 3*s + 4*t, -2*s = t - 10. Let h be 423/15 - 1/s. Calculate the highest common divisor of h and q.
14
Let o = 75 + -57. What is the greatest common divisor of o and 90?
18
Suppose x + 6 = -2*x. Let z be -9 - (x*3)/3. Let f be 10*(0 + -1)*z. What is the greatest common factor of 10 and f?
10
Suppose 0 = -2*g + 16 + 18. What is the highest common divisor of g and 187?
17
Let o = 8 + -8. Suppose -3*w + 459 = -o*w. What is the highest common factor of 17 and w?
17
Let m = -441 - -265. Let t be (-3)/(-2)*m/(-12). Let k = 34 - t. What is the highest common factor of 84 and k?
12
Let g(a) = a**3 + 10*a**2 - 18*a + 4. Let w be g(-11). What is the greatest common divisor of w and 9?
9
Let t = 12 - 27. Let h = -8 - t. Calculate the highest common divisor of h and 28.
7
Let b(z) = -7*z + 7. Let x be b(-5). Let m = 30 - x. Let i = 22 + m. What is the highest common factor of i and 10?
10
Let q(m) = -m**2 + 7*m + 4. Let c be q(6). Suppose 57 = 5*f + 3*k, -f - 1 = 3*k - c. What is the highest common divisor of f and 108?
12
Let l = 42 - 41. Calculate the greatest common divisor of l and 7.
1
Suppose 2*y = -4*o - 84, 3 = -3*y - 5*o - 122. Let q be -5*6*y/16. What is the greatest common divisor of q and 15?
15
Let z be 2 - (-200)/(16/4). Suppose -3*a = -u - 22, 3*a + 3*u = -2*u + z. Calculate the highest common factor of a and 9.
9
Let q(a) = a**3 + a**2 + 5. Let p be q(0). Suppose -2*z - 5*g = -37 + 11, p*z - 2*g = 36. Calculate the greatest common divisor of z and 72.
8
Let i = -33 - -75. Let o be ((-6)/4)/(1/(-42)). What is the highest common factor of i and o?
21
Let k be 2/(-7) + (-4)/(-14). Suppose -c - 3*c + 24 = k. Suppose t = d + 22, -118 = -5*t - d + 2*d. Calculate the greatest common factor of c and t.
6
Let a(q) = -2*q - 6. Suppose -3*t + 4*x - 38 - 2 = 0, 5*x = -5*t - 20. Let i be a(t). What is the greatest common divisor of 10 and i?
10
Let i be ((1140/(-8))/(-3))/((-2)/(-4)). What is the greatest common divisor of 19 and i?
19
Let f = 39 + -15. Suppose 0 + 2 = p. Suppose 2*o - 128 = -4*l, 5*l - 70 = -p*o + o. Calculate the highest common divisor of o and f.
12
Suppose -5*v + 2*h + 24 = 0, 0*h + 14 = 3*v - h. Let n(j) = 4*j**2 - 5*j + 5. Let r be n(1). Calculate the highest common divisor of r and v.
4
Suppose -2*g = 4*b, -5*b = -3*g - 3 - 8. Let v be (3 - b)/(1/3). Calculate the greatest common divisor of 66 and v.
6
Let o be (-126)/(-12) - 3/6. What is the greatest common factor of o and 90?
10
Let c be (-2)/2 - ((-7)/1 - 3). Let s = 93 + -57. What is the greatest common factor of s and c?
9
Suppose 8 = -4*z + 2*z. Let v = z + 6. Su